{"id":408,"date":"2025-11-20T13:44:55","date_gmt":"2025-11-20T13:44:55","guid":{"rendered":"http:\/\/tonja.goldblatt.fi\/?page_id=408"},"modified":"2025-11-20T20:09:24","modified_gmt":"2025-11-20T20:09:24","slug":"kielletty-hedelma","status":"publish","type":"page","link":"http:\/\/tonja.goldblatt.fi\/index.php\/kielletty-hedelma\/","title":{"rendered":"Kielletty hedelm\u00e4"},"content":{"rendered":"\n<p>Kielletty hedelm\u00e4 (<em>The Forbidden Fruit<\/em>) was a play about the cultural history of the most misunderstood organ in the human body, the vulva. Based on the graphic novel of the same name by Liv Str\u00f6mqvist, the play featured an ensemble of seven and a four-person live band as well as an antropomorphic vulva and clitoris puppet.<\/p>\n\n\n\n<p>Kielletty Hedelm\u00e4 ran in summer 2025 in Liedon Vanhalinna. <\/p>\n\n\n\n<p>Director, writer, dramaturgy: Nuppu Ervasti<br>Composer: Antti Ainola<br>Song lyrics: Nuppu Ervasti<br>Original text: Liv Str\u00f6mquist<br>Translation of original text: Helena Kulmala<br>Performers: Helvi Ermala, Yasmin Iacovone, Hanna Lindqvist, Heidi Ripatti, Kaisla Silfver, Iiris Suvitie and Tuuli Toivonen<br>Live band: Martin Henkelmann, Antti Ainola and Samppa Heikkinen<br>Puppet building and workshops: Reetta Moilanen<br>Set design: Maria Peltoniemi and Jouni Kekkonen<br>Costumes: Iida Vesanto and Katariina Kayser<br>Prop design: Tonja Goldblatt<br>Props and puppet building: Tonja Goldblatt, Katariina Kayser and Juulia Niiranen<br>Light design: Tuomas Vainionp\u00e4\u00e4<br>Movement director and choreography: Eve M\u00e4kitalo<br>Make up, procuction assistant: Emma-Liina Sutinen<br>Director&#8217;s assistant: Essi Vuori<br>Marketing assistant: Roosa Aunio<br>Techni: Katariina Tasala<br>Poster photo and design: Linda Svarfvar<br>Graphic help and programme design: Orion Petlin<br>Perdomance photos: Reea Ruusuvuori<br>Producer: Maria Peltoniemi<\/p>\n\n\n\n<p><\/p>\n\n\n\n<p><strong>Web page<\/strong><br><a rel=\"noreferrer noopener\" href=\"http:\/\/turunylioppilasteatteri.fi\/kielletty-hedelma\/\" data-type=\"URL\" data-id=\"http:\/\/turunylioppilasteatteri.fi\/kielletty-hedelma\/\" target=\"_blank\">Kielletty hedelm\u00e4<\/a><\/p>\n\n\n\n<figure class=\"is-layout-flex wp-block-gallery-1 wp-block-gallery has-nested-images columns-default is-cropped\">\n<figure class=\"wp-block-image size-large\"><a href=\"http:\/\/tonja.goldblatt.fi\/wp-content\/uploads\/2025\/11\/IMG_6634-2.jpg\"><img decoding=\"async\" loading=\"lazy\" width=\"1024\" height=\"683\" data-id=\"430\"  src=\"http:\/\/tonja.goldblatt.fi\/wp-content\/uploads\/2025\/11\/IMG_6634-2-1024x683.jpg\" alt=\"\" class=\"wp-image-430\" srcset=\"http:\/\/tonja.goldblatt.fi\/wp-content\/uploads\/2025\/11\/IMG_6634-2-1024x683.jpg 1024w, http:\/\/tonja.goldblatt.fi\/wp-content\/uploads\/2025\/11\/IMG_6634-2-300x200.jpg 300w, http:\/\/tonja.goldblatt.fi\/wp-content\/uploads\/2025\/11\/IMG_6634-2-768x512.jpg 768w, http:\/\/tonja.goldblatt.fi\/wp-content\/uploads\/2025\/11\/IMG_6634-2-1536x1024.jpg 1536w, http:\/\/tonja.goldblatt.fi\/wp-content\/uploads\/2025\/11\/IMG_6634-2.jpg 2048w\" sizes=\"(max-width: 1024px) 100vw, 1024px\" \/><\/a><figcaption class=\"wp-element-caption\">Photo: Reea Ruusuvuori<\/figcaption><\/figure>\n\n\n\n<figure class=\"wp-block-image size-large\"><a href=\"http:\/\/tonja.goldblatt.fi\/wp-content\/uploads\/2025\/11\/Kielletty_hedelma\u0308_14_Reea_Ruusuvuori.jpg\"><img decoding=\"async\" loading=\"lazy\" width=\"1024\" height=\"683\" data-id=\"426\"  src=\"http:\/\/tonja.goldblatt.fi\/wp-content\/uploads\/2025\/11\/Kielletty_hedelma\u0308_14_Reea_Ruusuvuori-1024x683.jpg\" alt=\"\" class=\"wp-image-426\" srcset=\"http:\/\/tonja.goldblatt.fi\/wp-content\/uploads\/2025\/11\/Kielletty_hedelma\u0308_14_Reea_Ruusuvuori-1024x683.jpg 1024w, http:\/\/tonja.goldblatt.fi\/wp-content\/uploads\/2025\/11\/Kielletty_hedelma\u0308_14_Reea_Ruusuvuori-300x200.jpg 300w, http:\/\/tonja.goldblatt.fi\/wp-content\/uploads\/2025\/11\/Kielletty_hedelma\u0308_14_Reea_Ruusuvuori-768x512.jpg 768w, http:\/\/tonja.goldblatt.fi\/wp-content\/uploads\/2025\/11\/Kielletty_hedelma\u0308_14_Reea_Ruusuvuori-1536x1024.jpg 1536w, http:\/\/tonja.goldblatt.fi\/wp-content\/uploads\/2025\/11\/Kielletty_hedelma\u0308_14_Reea_Ruusuvuori.jpg 2048w\" sizes=\"(max-width: 1024px) 100vw, 1024px\" \/><\/a><figcaption class=\"wp-element-caption\">Photo: Reea Ruusuvuori<\/figcaption><\/figure>\n\n\n\n<figure class=\"wp-block-image size-large\"><a href=\"http:\/\/tonja.goldblatt.fi\/wp-content\/uploads\/2025\/11\/IMG_89011.jpg\"><img decoding=\"async\" loading=\"lazy\" width=\"1024\" height=\"683\" data-id=\"419\"  src=\"http:\/\/tonja.goldblatt.fi\/wp-content\/uploads\/2025\/11\/IMG_89011-1024x683.jpg\" alt=\"\" class=\"wp-image-419\" srcset=\"http:\/\/tonja.goldblatt.fi\/wp-content\/uploads\/2025\/11\/IMG_89011-1024x683.jpg 1024w, http:\/\/tonja.goldblatt.fi\/wp-content\/uploads\/2025\/11\/IMG_89011-300x200.jpg 300w, http:\/\/tonja.goldblatt.fi\/wp-content\/uploads\/2025\/11\/IMG_89011-768x512.jpg 768w, http:\/\/tonja.goldblatt.fi\/wp-content\/uploads\/2025\/11\/IMG_89011-1536x1024.jpg 1536w, http:\/\/tonja.goldblatt.fi\/wp-content\/uploads\/2025\/11\/IMG_89011.jpg 2048w\" sizes=\"(max-width: 1024px) 100vw, 1024px\" \/><\/a><figcaption class=\"wp-element-caption\">Photo: Reea Ruusuvuori<\/figcaption><\/figure>\n\n\n\n<figure class=\"wp-block-image size-large\"><a href=\"http:\/\/tonja.goldblatt.fi\/wp-content\/uploads\/2025\/11\/IMG_7038.jpg\"><img decoding=\"async\" loading=\"lazy\" width=\"1024\" height=\"683\" data-id=\"422\"  src=\"http:\/\/tonja.goldblatt.fi\/wp-content\/uploads\/2025\/11\/IMG_7038-1024x683.jpg\" alt=\"\" class=\"wp-image-422\" srcset=\"http:\/\/tonja.goldblatt.fi\/wp-content\/uploads\/2025\/11\/IMG_7038-1024x683.jpg 1024w, http:\/\/tonja.goldblatt.fi\/wp-content\/uploads\/2025\/11\/IMG_7038-300x200.jpg 300w, http:\/\/tonja.goldblatt.fi\/wp-content\/uploads\/2025\/11\/IMG_7038-768x512.jpg 768w, http:\/\/tonja.goldblatt.fi\/wp-content\/uploads\/2025\/11\/IMG_7038-1536x1024.jpg 1536w, http:\/\/tonja.goldblatt.fi\/wp-content\/uploads\/2025\/11\/IMG_7038.jpg 2048w\" sizes=\"(max-width: 1024px) 100vw, 1024px\" \/><\/a><figcaption class=\"wp-element-caption\">Photo: Reea Ruusuvuori<\/figcaption><\/figure>\n\n\n\n<figure class=\"wp-block-image size-large\"><a href=\"http:\/\/tonja.goldblatt.fi\/wp-content\/uploads\/2025\/11\/Kielletty_hedelma\u0308_12_Reea_Ruusuvuori.jpg\"><img decoding=\"async\" loading=\"lazy\" width=\"1024\" height=\"683\" data-id=\"428\"  src=\"http:\/\/tonja.goldblatt.fi\/wp-content\/uploads\/2025\/11\/Kielletty_hedelma\u0308_12_Reea_Ruusuvuori-1024x683.jpg\" alt=\"\" class=\"wp-image-428\" srcset=\"http:\/\/tonja.goldblatt.fi\/wp-content\/uploads\/2025\/11\/Kielletty_hedelma\u0308_12_Reea_Ruusuvuori-1024x683.jpg 1024w, http:\/\/tonja.goldblatt.fi\/wp-content\/uploads\/2025\/11\/Kielletty_hedelma\u0308_12_Reea_Ruusuvuori-300x200.jpg 300w, http:\/\/tonja.goldblatt.fi\/wp-content\/uploads\/2025\/11\/Kielletty_hedelma\u0308_12_Reea_Ruusuvuori-768x512.jpg 768w, http:\/\/tonja.goldblatt.fi\/wp-content\/uploads\/2025\/11\/Kielletty_hedelma\u0308_12_Reea_Ruusuvuori-1536x1024.jpg 1536w, http:\/\/tonja.goldblatt.fi\/wp-content\/uploads\/2025\/11\/Kielletty_hedelma\u0308_12_Reea_Ruusuvuori.jpg 2048w\" sizes=\"(max-width: 1024px) 100vw, 1024px\" \/><\/a><figcaption class=\"wp-element-caption\">Photo: Reea Ruusuvuori<\/figcaption><\/figure>\n\n\n\n<figure class=\"wp-block-image size-large\"><a href=\"http:\/\/tonja.goldblatt.fi\/wp-content\/uploads\/2025\/11\/IMG_7004.jpg\"><img decoding=\"async\" loading=\"lazy\" width=\"1024\" height=\"683\" data-id=\"424\"  src=\"http:\/\/tonja.goldblatt.fi\/wp-content\/uploads\/2025\/11\/IMG_7004-1024x683.jpg\" alt=\"\" class=\"wp-image-424\" srcset=\"http:\/\/tonja.goldblatt.fi\/wp-content\/uploads\/2025\/11\/IMG_7004-1024x683.jpg 1024w, http:\/\/tonja.goldblatt.fi\/wp-content\/uploads\/2025\/11\/IMG_7004-300x200.jpg 300w, http:\/\/tonja.goldblatt.fi\/wp-content\/uploads\/2025\/11\/IMG_7004-768x512.jpg 768w, http:\/\/tonja.goldblatt.fi\/wp-content\/uploads\/2025\/11\/IMG_7004-1536x1024.jpg 1536w, http:\/\/tonja.goldblatt.fi\/wp-content\/uploads\/2025\/11\/IMG_7004.jpg 2048w\" sizes=\"(max-width: 1024px) 100vw, 1024px\" \/><\/a><figcaption class=\"wp-element-caption\">Photo: Reea Ruusuvuori<\/figcaption><\/figure>\n\n\n\n<figure class=\"wp-block-image size-large\"><a href=\"http:\/\/tonja.goldblatt.fi\/wp-content\/uploads\/2025\/11\/IMG_6276.jpg\"><img decoding=\"async\" loading=\"lazy\" width=\"683\" height=\"1024\" data-id=\"421\"  src=\"http:\/\/tonja.goldblatt.fi\/wp-content\/uploads\/2025\/11\/IMG_6276-683x1024.jpg\" alt=\"\" class=\"wp-image-421\" srcset=\"http:\/\/tonja.goldblatt.fi\/wp-content\/uploads\/2025\/11\/IMG_6276-683x1024.jpg 683w, http:\/\/tonja.goldblatt.fi\/wp-content\/uploads\/2025\/11\/IMG_6276-200x300.jpg 200w, http:\/\/tonja.goldblatt.fi\/wp-content\/uploads\/2025\/11\/IMG_6276-768x1152.jpg 768w, http:\/\/tonja.goldblatt.fi\/wp-content\/uploads\/2025\/11\/IMG_6276-1024x1536.jpg 1024w, http:\/\/tonja.goldblatt.fi\/wp-content\/uploads\/2025\/11\/IMG_6276.jpg 1365w\" sizes=\"(max-width: 683px) 100vw, 683px\" \/><\/a><figcaption class=\"wp-element-caption\">Photo: Reea Ruusuvuori<\/figcaption><\/figure>\n\n\n\n<figure class=\"wp-block-image size-large\"><a href=\"http:\/\/tonja.goldblatt.fi\/wp-content\/uploads\/2025\/11\/IMG_6690-2.jpg\"><img decoding=\"async\" loading=\"lazy\" width=\"683\" height=\"1024\" data-id=\"431\"  src=\"http:\/\/tonja.goldblatt.fi\/wp-content\/uploads\/2025\/11\/IMG_6690-2-683x1024.jpg\" alt=\"\" class=\"wp-image-431\" srcset=\"http:\/\/tonja.goldblatt.fi\/wp-content\/uploads\/2025\/11\/IMG_6690-2-683x1024.jpg 683w, http:\/\/tonja.goldblatt.fi\/wp-content\/uploads\/2025\/11\/IMG_6690-2-200x300.jpg 200w, http:\/\/tonja.goldblatt.fi\/wp-content\/uploads\/2025\/11\/IMG_6690-2-768x1152.jpg 768w, http:\/\/tonja.goldblatt.fi\/wp-content\/uploads\/2025\/11\/IMG_6690-2-1024x1536.jpg 1024w, http:\/\/tonja.goldblatt.fi\/wp-content\/uploads\/2025\/11\/IMG_6690-2.jpg 1365w\" sizes=\"(max-width: 683px) 100vw, 683px\" \/><\/a><figcaption class=\"wp-element-caption\">Photo: Reea Ruusuvuori<\/figcaption><\/figure>\n\n\n\n<figure class=\"wp-block-image size-large\"><a href=\"http:\/\/tonja.goldblatt.fi\/wp-content\/uploads\/2025\/11\/Kielletty_hedelma\u0308_1_Reea_Ruusuvuori.jpg\"><img decoding=\"async\" loading=\"lazy\" width=\"1024\" height=\"683\" data-id=\"427\"  src=\"http:\/\/tonja.goldblatt.fi\/wp-content\/uploads\/2025\/11\/Kielletty_hedelma\u0308_1_Reea_Ruusuvuori-1024x683.jpg\" alt=\"\" class=\"wp-image-427\" srcset=\"http:\/\/tonja.goldblatt.fi\/wp-content\/uploads\/2025\/11\/Kielletty_hedelma\u0308_1_Reea_Ruusuvuori-1024x683.jpg 1024w, http:\/\/tonja.goldblatt.fi\/wp-content\/uploads\/2025\/11\/Kielletty_hedelma\u0308_1_Reea_Ruusuvuori-300x200.jpg 300w, http:\/\/tonja.goldblatt.fi\/wp-content\/uploads\/2025\/11\/Kielletty_hedelma\u0308_1_Reea_Ruusuvuori-768x512.jpg 768w, http:\/\/tonja.goldblatt.fi\/wp-content\/uploads\/2025\/11\/Kielletty_hedelma\u0308_1_Reea_Ruusuvuori-1536x1024.jpg 1536w, http:\/\/tonja.goldblatt.fi\/wp-content\/uploads\/2025\/11\/Kielletty_hedelma\u0308_1_Reea_Ruusuvuori.jpg 2048w\" sizes=\"(max-width: 1024px) 100vw, 1024px\" \/><\/a><figcaption class=\"wp-element-caption\">Photo: Reea Ruusuvuori<\/figcaption><\/figure>\n\n\n\n<figure class=\"wp-block-image size-large\"><a href=\"http:\/\/tonja.goldblatt.fi\/wp-content\/uploads\/2025\/11\/kielletty-hedelma-Liedon-vanhalinnassa-banner-1536x864-1.jpg\"><img decoding=\"async\" loading=\"lazy\" width=\"1024\" height=\"576\" data-id=\"433\"  src=\"http:\/\/tonja.goldblatt.fi\/wp-content\/uploads\/2025\/11\/kielletty-hedelma-Liedon-vanhalinnassa-banner-1536x864-1-1024x576.jpg\" alt=\"\" class=\"wp-image-433\" srcset=\"http:\/\/tonja.goldblatt.fi\/wp-content\/uploads\/2025\/11\/kielletty-hedelma-Liedon-vanhalinnassa-banner-1536x864-1-1024x576.jpg 1024w, http:\/\/tonja.goldblatt.fi\/wp-content\/uploads\/2025\/11\/kielletty-hedelma-Liedon-vanhalinnassa-banner-1536x864-1-300x169.jpg 300w, http:\/\/tonja.goldblatt.fi\/wp-content\/uploads\/2025\/11\/kielletty-hedelma-Liedon-vanhalinnassa-banner-1536x864-1-768x432.jpg 768w, http:\/\/tonja.goldblatt.fi\/wp-content\/uploads\/2025\/11\/kielletty-hedelma-Liedon-vanhalinnassa-banner-1536x864-1.jpg 1536w\" sizes=\"(max-width: 1024px) 100vw, 1024px\" \/><\/a><figcaption class=\"wp-element-caption\">Poster photo and design Linda Svarfvar<\/figcaption><\/figure>\n<\/figure>\n","protected":false},"excerpt":{"rendered":"<p>Kielletty hedelm\u00e4 (The Forbidden Fruit) was a play about the cultural history of the most misunderstood organ in the human body, the vulva. Based on the graphic novel of the same name by Liv Str\u00f6mqvist, the play featured an ensemble of seven and a four-person live band as well as an antropomorphic vulva and clitoris [&hellip;]<\/p>\n","protected":false},"author":1,"featured_media":419,"parent":0,"menu_order":0,"comment_status":"closed","ping_status":"closed","template":"","meta":[],"_links":{"self":[{"href":"http:\/\/tonja.goldblatt.fi\/index.php\/wp-json\/wp\/v2\/pages\/408"}],"collection":[{"href":"http:\/\/tonja.goldblatt.fi\/index.php\/wp-json\/wp\/v2\/pages"}],"about":[{"href":"http:\/\/tonja.goldblatt.fi\/index.php\/wp-json\/wp\/v2\/types\/page"}],"author":[{"embeddable":true,"href":"http:\/\/tonja.goldblatt.fi\/index.php\/wp-json\/wp\/v2\/users\/1"}],"replies":[{"embeddable":true,"href":"http:\/\/tonja.goldblatt.fi\/index.php\/wp-json\/wp\/v2\/comments?post=408"}],"version-history":[{"count":12,"href":"http:\/\/tonja.goldblatt.fi\/index.php\/wp-json\/wp\/v2\/pages\/408\/revisions"}],"predecessor-version":[{"id":464,"href":"http:\/\/tonja.goldblatt.fi\/index.php\/wp-json\/wp\/v2\/pages\/408\/revisions\/464"}],"wp:featuredmedia":[{"embeddable":true,"href":"http:\/\/tonja.goldblatt.fi\/index.php\/wp-json\/wp\/v2\/media\/419"}],"wp:attachment":[{"href":"http:\/\/tonja.goldblatt.fi\/index.php\/wp-json\/wp\/v2\/media?parent=408"}],"curies":[{"name":"wp","href":"https:\/\/api.w.org\/{rel}","templated":true}]}}