{"id":377,"date":"2025-11-20T08:14:39","date_gmt":"2025-11-20T08:14:39","guid":{"rendered":"http:\/\/tonja.goldblatt.fi\/?page_id=377"},"modified":"2025-11-20T12:32:16","modified_gmt":"2025-11-20T12:32:16","slug":"whatever-love-means","status":"publish","type":"page","link":"http:\/\/tonja.goldblatt.fi\/index.php\/whatever-love-means\/","title":{"rendered":"Whatever Love Means"},"content":{"rendered":"\n<p>Whatever Love Means was a piece that brought contemporary puppet theater to the big stage. Performed in Helsinki City Theater&#8217;s Studio Pasila in 2024 the play got wide critical acclaim and full audiences. The witty stage lecture on love and its impossibility was based on the works of Liv Str\u00f6mqvist, and the working group Royal Hattara consisted of some of the brightest stars in Finnish puppet theater, circus and other fields. <\/p>\n\n\n\n<p>The story took place in a love consultant office, were six life-sized cupid puppets tried to help a human client to navigate her feelings and expectations of love through smaller scale puppetry with muppet heads and nearly 200 foam rubber cut-out pieces in pastel colors. The play sought to study how the Hollywood cliches of popular culture affect our love life and relationships and push unrealistic expectations on them. The pink and sugar-coated aesthetics heightened the carnevalistic absurdity of it all, and the play was eye candy like never sen before. <\/p>\n\n\n\n<p><\/p>\n\n\n\n<p><\/p>\n\n\n\n<p>Original idea: Merja P\u00f6yh\u00f6nen, Essi Santala, Riina Tikkanen<br>Script: Taija Helminen<br>Director: Merja P\u00f6yh\u00f6nen<br>Assistant director: Olavi Ermala<br>Puppet maker: Helena Markku<br>Set: Johanna Latvala<br>Props and foam rubber pieces: Tonja Goldblatt<br>Light design: Essi Santala<br>Sound design: Olli-Pekka Jauhiainen ja Petteri Salomaa<br>Pictures: Majo Kurki<br>Performers: Petra Hein\u00e4nen, Henni Kervinen, Sirpa J\u00e4rvenp\u00e4\u00e4, Helena Markku, Elena Rekola, Miika Suonper\u00e4, Riina Tikkanen<\/p>\n\n\n\n<p><\/p>\n\n\n\n<p>Whatever Love Means was supported by Finnish Cultural Foundation, The  Uusimaa Regional Fund, Art Promotions Center Finland, Turun teatteris\u00e4\u00e4ti\u00f6 and Aura of Puppets<\/p>\n\n\n\n<p><strong>Whatever Love Means<\/strong>: <br><a rel=\"noreferrer noopener\" href=\"https:\/\/hkt.fi\/tiedotteet\/superloninpehmea-nykynukketeatteriesitys-whatever-love-means-pollyttaa-rakastumisen-stereotypioita\/\" target=\"_blank\">https:\/\/hkt.fi\/tiedotteet\/superloninpehmea-nykynukketeatteriesitys-whatever-love-means-pollyttaa-rakastumisen-stereotypioita\/<\/a><\/p>\n\n\n\n<figure class=\"is-layout-flex wp-block-gallery-1 wp-block-gallery has-nested-images columns-default is-cropped\">\n<figure class=\"wp-block-image size-large\"><a href=\"http:\/\/tonja.goldblatt.fi\/wp-content\/uploads\/2025\/11\/welm_5_NETTI.jpg\"><img decoding=\"async\" loading=\"lazy\" width=\"709\" height=\"1024\" data-id=\"382\"  src=\"http:\/\/tonja.goldblatt.fi\/wp-content\/uploads\/2025\/11\/welm_5_NETTI-709x1024.jpg\" alt=\"\" class=\"wp-image-382\" srcset=\"http:\/\/tonja.goldblatt.fi\/wp-content\/uploads\/2025\/11\/welm_5_NETTI-709x1024.jpg 709w, http:\/\/tonja.goldblatt.fi\/wp-content\/uploads\/2025\/11\/welm_5_NETTI-208x300.jpg 208w, http:\/\/tonja.goldblatt.fi\/wp-content\/uploads\/2025\/11\/welm_5_NETTI-768x1110.jpg 768w, http:\/\/tonja.goldblatt.fi\/wp-content\/uploads\/2025\/11\/welm_5_NETTI-1063x1536.jpg 1063w, http:\/\/tonja.goldblatt.fi\/wp-content\/uploads\/2025\/11\/welm_5_NETTI.jpg 1400w\" sizes=\"(max-width: 709px) 100vw, 709px\" \/><\/a><\/figure>\n\n\n\n<figure class=\"wp-block-image size-large\"><a href=\"http:\/\/tonja.goldblatt.fi\/wp-content\/uploads\/2025\/11\/welm_9_NETTI.jpg\"><img decoding=\"async\" loading=\"lazy\" width=\"1024\" height=\"751\" data-id=\"389\"  src=\"http:\/\/tonja.goldblatt.fi\/wp-content\/uploads\/2025\/11\/welm_9_NETTI-1024x751.jpg\" alt=\"\" class=\"wp-image-389\" srcset=\"http:\/\/tonja.goldblatt.fi\/wp-content\/uploads\/2025\/11\/welm_9_NETTI-1024x751.jpg 1024w, http:\/\/tonja.goldblatt.fi\/wp-content\/uploads\/2025\/11\/welm_9_NETTI-300x220.jpg 300w, http:\/\/tonja.goldblatt.fi\/wp-content\/uploads\/2025\/11\/welm_9_NETTI-768x564.jpg 768w, http:\/\/tonja.goldblatt.fi\/wp-content\/uploads\/2025\/11\/welm_9_NETTI-1536x1127.jpg 1536w, http:\/\/tonja.goldblatt.fi\/wp-content\/uploads\/2025\/11\/welm_9_NETTI.jpg 1908w\" sizes=\"(max-width: 1024px) 100vw, 1024px\" \/><\/a><\/figure>\n\n\n\n<figure class=\"wp-block-image size-large\"><a href=\"http:\/\/tonja.goldblatt.fi\/wp-content\/uploads\/2025\/11\/welm_3_PRINT_2.jpg\"><img decoding=\"async\" loading=\"lazy\" width=\"1024\" height=\"682\" data-id=\"393\"  src=\"http:\/\/tonja.goldblatt.fi\/wp-content\/uploads\/2025\/11\/welm_3_PRINT_2-1024x682.jpg\" alt=\"\" class=\"wp-image-393\" srcset=\"http:\/\/tonja.goldblatt.fi\/wp-content\/uploads\/2025\/11\/welm_3_PRINT_2-1024x682.jpg 1024w, http:\/\/tonja.goldblatt.fi\/wp-content\/uploads\/2025\/11\/welm_3_PRINT_2-300x200.jpg 300w, http:\/\/tonja.goldblatt.fi\/wp-content\/uploads\/2025\/11\/welm_3_PRINT_2-768x512.jpg 768w, http:\/\/tonja.goldblatt.fi\/wp-content\/uploads\/2025\/11\/welm_3_PRINT_2-1536x1023.jpg 1536w, http:\/\/tonja.goldblatt.fi\/wp-content\/uploads\/2025\/11\/welm_3_PRINT_2-2048x1364.jpg 2048w\" sizes=\"(max-width: 1024px) 100vw, 1024px\" \/><\/a><\/figure>\n\n\n\n<figure class=\"wp-block-image size-large\"><a href=\"http:\/\/tonja.goldblatt.fi\/wp-content\/uploads\/2025\/11\/welm_4_NETTI-1.jpg\"><img decoding=\"async\" loading=\"lazy\" width=\"701\" height=\"1024\" data-id=\"386\"  src=\"http:\/\/tonja.goldblatt.fi\/wp-content\/uploads\/2025\/11\/welm_4_NETTI-1-701x1024.jpg\" alt=\"\" class=\"wp-image-386\" srcset=\"http:\/\/tonja.goldblatt.fi\/wp-content\/uploads\/2025\/11\/welm_4_NETTI-1-701x1024.jpg 701w, http:\/\/tonja.goldblatt.fi\/wp-content\/uploads\/2025\/11\/welm_4_NETTI-1-205x300.jpg 205w, http:\/\/tonja.goldblatt.fi\/wp-content\/uploads\/2025\/11\/welm_4_NETTI-1-768x1122.jpg 768w, http:\/\/tonja.goldblatt.fi\/wp-content\/uploads\/2025\/11\/welm_4_NETTI-1-1052x1536.jpg 1052w, http:\/\/tonja.goldblatt.fi\/wp-content\/uploads\/2025\/11\/welm_4_NETTI-1.jpg 1300w\" sizes=\"(max-width: 701px) 100vw, 701px\" \/><\/a><\/figure>\n\n\n\n<figure class=\"wp-block-image size-large\"><a href=\"http:\/\/tonja.goldblatt.fi\/wp-content\/uploads\/2025\/11\/welm_1_NETTI.jpg\"><img decoding=\"async\" loading=\"lazy\" width=\"759\" height=\"1024\" data-id=\"383\"  src=\"http:\/\/tonja.goldblatt.fi\/wp-content\/uploads\/2025\/11\/welm_1_NETTI-759x1024.jpg\" alt=\"\" class=\"wp-image-383\" srcset=\"http:\/\/tonja.goldblatt.fi\/wp-content\/uploads\/2025\/11\/welm_1_NETTI-759x1024.jpg 759w, http:\/\/tonja.goldblatt.fi\/wp-content\/uploads\/2025\/11\/welm_1_NETTI-222x300.jpg 222w, http:\/\/tonja.goldblatt.fi\/wp-content\/uploads\/2025\/11\/welm_1_NETTI-768x1036.jpg 768w, http:\/\/tonja.goldblatt.fi\/wp-content\/uploads\/2025\/11\/welm_1_NETTI-1139x1536.jpg 1139w, http:\/\/tonja.goldblatt.fi\/wp-content\/uploads\/2025\/11\/welm_1_NETTI.jpg 1400w\" sizes=\"(max-width: 759px) 100vw, 759px\" \/><\/a><\/figure>\n\n\n\n<figure class=\"wp-block-image size-large\"><a href=\"http:\/\/tonja.goldblatt.fi\/wp-content\/uploads\/2025\/11\/welm_2_NETTI_2.jpg\"><img decoding=\"async\" loading=\"lazy\" width=\"688\" height=\"1024\" data-id=\"392\"  src=\"http:\/\/tonja.goldblatt.fi\/wp-content\/uploads\/2025\/11\/welm_2_NETTI_2-688x1024.jpg\" alt=\"\" class=\"wp-image-392\" srcset=\"http:\/\/tonja.goldblatt.fi\/wp-content\/uploads\/2025\/11\/welm_2_NETTI_2-688x1024.jpg 688w, http:\/\/tonja.goldblatt.fi\/wp-content\/uploads\/2025\/11\/welm_2_NETTI_2-201x300.jpg 201w, http:\/\/tonja.goldblatt.fi\/wp-content\/uploads\/2025\/11\/welm_2_NETTI_2-768x1144.jpg 768w, http:\/\/tonja.goldblatt.fi\/wp-content\/uploads\/2025\/11\/welm_2_NETTI_2-1031x1536.jpg 1031w, http:\/\/tonja.goldblatt.fi\/wp-content\/uploads\/2025\/11\/welm_2_NETTI_2-1375x2048.jpg 1375w, http:\/\/tonja.goldblatt.fi\/wp-content\/uploads\/2025\/11\/welm_2_NETTI_2.jpg 1400w\" sizes=\"(max-width: 688px) 100vw, 688px\" \/><\/a><\/figure>\n\n\n\n<figure class=\"wp-block-image size-large\"><a href=\"http:\/\/tonja.goldblatt.fi\/wp-content\/uploads\/2025\/11\/welm2_6_NETTI1.jpg\"><img decoding=\"async\" loading=\"lazy\" width=\"1024\" height=\"599\" data-id=\"391\"  src=\"http:\/\/tonja.goldblatt.fi\/wp-content\/uploads\/2025\/11\/welm2_6_NETTI1-1024x599.jpg\" alt=\"\" class=\"wp-image-391\" srcset=\"http:\/\/tonja.goldblatt.fi\/wp-content\/uploads\/2025\/11\/welm2_6_NETTI1-1024x599.jpg 1024w, http:\/\/tonja.goldblatt.fi\/wp-content\/uploads\/2025\/11\/welm2_6_NETTI1-300x176.jpg 300w, http:\/\/tonja.goldblatt.fi\/wp-content\/uploads\/2025\/11\/welm2_6_NETTI1-768x449.jpg 768w, http:\/\/tonja.goldblatt.fi\/wp-content\/uploads\/2025\/11\/welm2_6_NETTI1-1536x899.jpg 1536w, http:\/\/tonja.goldblatt.fi\/wp-content\/uploads\/2025\/11\/welm2_6_NETTI1-2048x1198.jpg 2048w\" sizes=\"(max-width: 1024px) 100vw, 1024px\" \/><\/a><\/figure>\n<figcaption class=\"blocks-gallery-caption wp-element-caption\">Photos: Majo Kurki<\/figcaption><\/figure>\n","protected":false},"excerpt":{"rendered":"<p>Whatever Love Means was a piece that brought contemporary puppet theater to the big stage. Performed in Helsinki City Theater&#8217;s Studio Pasila in 2024 the play got wide critical acclaim and full audiences. The witty stage lecture on love and its impossibility was based on the works of Liv Str\u00f6mqvist, and the working group Royal [&hellip;]<\/p>\n","protected":false},"author":1,"featured_media":393,"parent":0,"menu_order":0,"comment_status":"closed","ping_status":"closed","template":"","meta":[],"_links":{"self":[{"href":"http:\/\/tonja.goldblatt.fi\/index.php\/wp-json\/wp\/v2\/pages\/377"}],"collection":[{"href":"http:\/\/tonja.goldblatt.fi\/index.php\/wp-json\/wp\/v2\/pages"}],"about":[{"href":"http:\/\/tonja.goldblatt.fi\/index.php\/wp-json\/wp\/v2\/types\/page"}],"author":[{"embeddable":true,"href":"http:\/\/tonja.goldblatt.fi\/index.php\/wp-json\/wp\/v2\/users\/1"}],"replies":[{"embeddable":true,"href":"http:\/\/tonja.goldblatt.fi\/index.php\/wp-json\/wp\/v2\/comments?post=377"}],"version-history":[{"count":14,"href":"http:\/\/tonja.goldblatt.fi\/index.php\/wp-json\/wp\/v2\/pages\/377\/revisions"}],"predecessor-version":[{"id":468,"href":"http:\/\/tonja.goldblatt.fi\/index.php\/wp-json\/wp\/v2\/pages\/377\/revisions\/468"}],"wp:featuredmedia":[{"embeddable":true,"href":"http:\/\/tonja.goldblatt.fi\/index.php\/wp-json\/wp\/v2\/media\/393"}],"wp:attachment":[{"href":"http:\/\/tonja.goldblatt.fi\/index.php\/wp-json\/wp\/v2\/media?parent=377"}],"curies":[{"name":"wp","href":"https:\/\/api.w.org\/{rel}","templated":true}]}}